ert 6034 (base 10) to base 12.
35aa
Convert -1a16 (base 16) to base 7.
-25320
Convert 14856 (base 12) to base 6.
341350
Convert -3149 (base 15) to base 4.
-2202303
What is -13972 (base 11) in base 14?
-7306
What is -a155 (base 12) in base 2?
-100010001010001
What is 11111000 (base 2) in base 7?
503
What is -311200 (base 4) in base 14?
-1368
What is -3350 (base 8) in base 10?
-1768
420 (base 11) to base 15
23b
291 (base 13) to base 16
1c8
What is 23315 (base 8) in base 6?
113553
-43344 (base 7) to base 9
-15743
What is -4101 (base 7) in base 6?
-10330
-1b37 (base 13) to base 2
-1000000000110
Convert -11032 (base 4) to base 13.
-1c9
Convert -22991 (base 11) to base 6.
-413221
Convert -2202124 (base 5) to base 12.
-19a51
Convert -11101111100000 (base 2) to base 7.
-62455
What is -37617 (base 11) in base 7?
-313250
What is 22220 (base 9) in base 6?
152200
Convert -636 (base 7) to base 4.
-11001
What is 234 (base 9) in base 12?
141
Convert 227 (base 8) to base 4.
2113
Convert 3146 (base 10) to base 6.
22322
30033 (base 7) to base 12
4223
Convert 1cb4 (base 16) to base 7.
30265
What is 62 (base 10) in base 9?
68
Convert -4701 (base 15) to base 7.
-61645
-3424 (base 6) to base 16
-328
What is -5a29 (base 11) in base 8?
-17330
Convert 14a (base 16) to base 8.
512
Convert 143b (base 12) to base 6.
14515
-6333 (base 7) to base 16
-8b5
What is e20e (base 16) in base 4?
32020032
What is -1503 (base 10) in base 16?
-5df
Convert -621f (base 16) to base 9.
-37410
Convert -3730 (base 8) to base 15.
-8dd
Convert 43101 (base 5) to base 8.
5525
What is -32044 (base 7) in base 14?
-2c5b
What is 933 (base 16) in base 4?
210303
What is -4233 (base 8) in base 4?
-202123
Convert 1012100 (base 3) to base 9.
1170
-12131 (base 4) to base 3
-120022
4d3 (base 16) to base 3
1200202
Convert -4521 (base 13) to base 2.
-10010110111100
-2841 (base 9) to base 11
-1679
2057 (base 16) to base 6
102155
What is 6032 (base 7) in base 3?
2212002
What is -111010 (base 2) in base 10?
-58
What is -3111312 (base 4) in base 12?
-7b06
Convert -30165 (base 12) to base 3.
-10011122012
-50 (base 14) to base 11
-64
What is -10837 (base 11) in base 8?
-36441
Convert -1440000 (base 5) to base 8.
-73641
Convert 15272 (base 9) to base 11.
7925
Convert 1096 (base 14) to base 15.
cbb
460106 (base 7) to base 4
103330121
4240 (base 7) to base 15
69d
Convert -45 (base 15) to base 5.
-230
What is -245 (base 8) in base 12?
-119
Convert 1a4c (base 16) to base 11.
5070
Convert 1131 (base 5) to base 11.
141
What is -26a (base 14) in base 15?
-226
What is ad7d (base 14) in base 2?
111010110010011
Convert -1c5 (base 13) to base 5.
-2310
What is -1246 (base 7) in base 14?
-25d
Convert 101 (base 3) to base 8.
12
-1b81 (base 14) to base 3
-20212200
What is -3411 (base 10) in base 7?
-12642
What is 1429 (base 11) in base 12?
109a
11220012 (base 3) to base 11
2755
-723 (base 16) to base 6
-12243
Convert b8b (base 15) to base 2.
101000101110
448 (base 12) to base 15
2c2
What is 515 (base 6) in base 11?
164
Convert 1021210 (base 3) to base 16.
3ab
What is 282 (base 11) in base 14?
19a
What is 175 (base 11) in base 9?
245
Convert 29567 (base 10) to base 6.
344515
What is 8706 (base 9) in base 8?
14405
-10100000 (base 3) to base 15
-ac0
What is -5708 (base 9) in base 14?
-1776
12006 (base 9) to base 4
1331121
What is 3214 (base 5) in base 2?
110110010
Convert -8d21 (base 16) to base 15.
-aa89
What is 1067a (base 11) in base 6?
155314
2012002 (base 3) to base 8
3073
What is -145 (base 16) in base 14?
-193
4d3 (base 16) to base 2
10011010011
Convert -22363 (base 8) to base 11.
-711a
Convert -146 (base 14) to base 10.
-258
-16606 (base 7) to base 9
-6467
-27b (base 16) to base 14
-335
What is 1412 (base 7) in base 5?
4143
What is -1494 (base 14) in base 11?
-2826
Convert 18b (base 16) to base 6.
1455
2190 (base 11) to base 13
1409
What is 47877 (base 10) in base 2?
1011101100000101
Convert -982 (base 11) to base 13.
-6c9
What is -c1e (base 16) in base 7?
-12021
-742 (base 9) to base 5
-4410
470d (base 14) to base 4
3001021
172 (base 14) to base 13
19a
-637 (base 14) to base 8
-2311
295 (base 12) to base 2
110010001
Convert -c2a (base 14) to base 11.
-1883
219 (base 11) to base 16
106
5829 (base 11) to base 10
7654
Convert 4 (base 15) to base 14.
4
-a261 (base 15) to base 14
-c6d5
Convert -110401 (base 5) to base 2.
-111100001011
What is -1001101100110000 (base 2) in base 15?
-bb88
What is 13212130 (base 4) in base 2?
111100110011100
What is 52 (base 16) in base 13?
64
Convert -65 (base 10) to base 5.
-230
What is 56837 (base 9) in base 3?
1220221021
5453 (base 7) to base 14
9d3
Convert -1000000001 (base 2) to base 3.
-201000
What is 98 (base 10) in base 3?
10122
What is -3043 (base 9) in base 16?
-8b2
What is -22535 (base 7) in base 10?
-5759
What is -550 (base 13) in base 2?
-1110001110
Convert 100657 (base 8) to base 11.
22a41
What is -bb (base 13) in base 15?
-a4
What is 10001101000 (base 2) in base 4?
101220
What is 7b70 (base 13) in base 15?
5204
-374 (base 14) to base 9
-846
Convert 1272 (base 11) to base 14.
860
21211 (base 4) to base 10
613
What is -13120 (base 4) in base 9?
-574
Convert -53340 (base 6) to base 10.
-7260
Convert 355 (base 11) to base 13.
267
Convert -111203 (base 6) to base 3.
-110211210
574 (base 13) to base 7
2512
What is 3de (base 15) in base 7?
2402
What is 4274 (base 8) in base 2?
100010111100
What is -2112102 (base 3) in base 2?
-11100110111
What is -2322 (base 11) in base 7?
-11614
What is 101011111 (base 2) in base 5?
2401
Convert 138 (base 13) to base 15.
e6
5b8b (base 12) to base 2
10100001011011
What is -10021 (base 8) in base 2?
-1000000010001
Convert -213302 (base 4) to base 11.
-1a05
Convert 1231 (base 13) to base 14.
d1d
Convert -64103 (base 8) to base 10.
-26691
Convert 11012 (base 4) to base 14.
194
-1b1 (base 15) to base 12
-287
-1d36 (base 16) to base 15
-2338
-1140 (base 7) to base 8
-644
1228 (base 12) to base 8
4000
Convert -2322 (base 8) to base 13.
-73c
Convert 412 (base 15) to base 8.
1625
Convert a36 (base 15) to base 10.
2301
What is 11404 (base 5) in base 13?
509
-1105 (base 9) to base 6
-3435
-535 (base 15) to base 16
-497
What is 1001330 (base 4) in base 8?
10174
Convert -100101110000110 (base 2) to base 14.
-7090
11111022 (base 3) to base 15
e85
What is 212120 (base 3) in base 12?
450
-111201111 (base 3) to base 16
-2713
1238 (base 10) to base 7
3416
-14015 (base 9) to base 10
-9491
What is 4216 (base 12) in base 5?
212333
-11131021 (base 4) to base 12
-10b21
-996 (base 14) to base 6
-12440
What is 1101100101100 (base 2) in base 16?
1b2c
Convert c47 (base 14) to base 8.
4557
What is 1166 (base 8) in base 15?
2c0
Convert 28348 (base 9) to base 7.
110045
What is -6705 (base 14) in base 6?
-214333
Convert -324b (base 14) to base 6.
-104123
What is -7640 (base 8) in base 9?
-5434
-8778 (base 15) to base 13
-1009a
What is -22002012 (base 3) in base 9?
-8065
What is -123212 (base 4) in base 7?
-5102
21010 (base 4) to base 14
2d6
1258 (base 9) to base 13
578
What is 11613 (base 7) in base 9?
4156
Convert a8 (base 12) to base 8.
200
Convert 1211 (base 7) to base 4.
13001
Convert 1012001 (base 3) to base 14.
45b
Convert 14232 (base 6) to base 9.
3072
What is 23130 (base 5) in base 8?
3201
What is 28658 (base 9) in base 15?
5b98
What is 1168 (base 9) in base 7?
2354
Convert -11222 (base 6) to base 15.
-718
-209 (base 11) to base 10
-251
Convert -340340 (base 6) to base 7.
-146340
Convert -65 (base 11) to base 3.
-2122
Convert -4035 (base 10) to base 5.
-112120
-849 (base 10) to base 16
-351
24010 (base 12) to base 2
1011110100001100
2c2 (base 13) to base 10
496
Convert 2368 (base 9) to base 5.
24023
What is -c4d7 (base 15) in base 7?
-232201
Convert 111112 (base 3) to base 4.
11231
-32233 (base 4) to base 15
-42d
Convert -3a5 (base 11) to base 4.
-13132
What is -114 (base 16) in base 12?
-1b0
24615 (base 8) to base 5
320022
Convert 814 (base 16) to base 6.
13324
-1a57 (base 14) to base 13
-223a
-a6 (base 11) to base 14
-84
Convert -40204 (base 6) to base 14.
-1cba
Convert 59e8 (base 16) to base 11.
16324
What is -ad (base 16) in base 9?
-212
What is -220113 (base 4) in base 16?
-a17
Convert 1313003 (base 4) to base 14.
2ac3
What is -21120 (base 7) in base 11?
-3a05
Conve